{"id":654,"date":"2025-06-30T09:52:26","date_gmt":"2025-06-30T09:52:26","guid":{"rendered":"https:\/\/macrowine2025.events.unibz.it\/?page_id=654"},"modified":"2025-07-01T06:15:20","modified_gmt":"2025-07-01T06:15:20","slug":"award-winners","status":"publish","type":"page","link":"https:\/\/macrowine2025.events.unibz.it\/?page_id=654","title":{"rendered":"Winners of the Macrowine 2025 awards"},"content":{"rendered":"\n<p>Best Oral Presentation<\/p>\n\n\n\n<p><em>First large-scale study of thiol precursor distribution in red grape berry compartments and implications for thiol-type red wine production<\/em> by Andrea Cesson, Somaya Sachot, Marie-Agn\u00e8s Ducasse, Am\u00e9lie Roy, Juliette Simon, M\u00e9lanie Veyret, Isabelle Sanchez, Jean-Roch Mouret, C\u00e9line Poncet-Legrand, Aur\u00e9lie Roland (SPO, Univ Montpellier, INRAE, Institut Agro, Montpellier, France, Institut Fran\u00e7ais de la Vigne et du Vin, Domaine de Pech Rouge, Gruissan, France, Pech Rouge Experimental Unit, INRAE, Gruissan, France, MISTEA, INRAE, Institut Agro, 34060 Montpellier, France)<\/p>\n\n\n\n<p>Best Flash Talks<\/p>\n\n\n\n<p><em>New insights of translocation of smoke-related volatile phenols in vivo grapevines<\/em> by Ignacio Arias-Perez, Wen Yan, Andrew Misialek, Guillermo Zamora-Garc\u00eda, Anita Oberholster (Department of Viticulture and Enology, University of California Davis, Davis, 95616, CA, USA; Instituto de Ciencias de la Vid y el Vino (ICVV), Spain; Desert Research Institute (DRI)<\/p>\n\n\n\n<p><em>Identification of novel aromatic precursors in winemaking grapes using an optimized fractionation and UHPLC-MS analysis<\/em> by Bel\u00e9n Gonz\u00e1lez-Mart\u00ednez, Arancha de-la-Fuente-Blanco, Vicente Ferreira (Laboratorio de An\u00e1lisis del Aroma y Enolog\u00eda (LAAE), Department of Analytical Chemistry, Universidad de Zaragoza, Instituto Agroalimentario de Arag\u00f3n (IA2) (UNIZAR-CITA), Associate unit to Instituto de las Ciencias de la Vid y el Vino (ICVV) (UR-CSIC-GR)<\/p>\n\n\n\n<p>Best Poster<\/p>\n\n\n\n<p><em>Antioxidant Activity of Yeast Peptides released during fermentation and autolysis in model conditions<\/em> by Alberto De Iseppi, Matteo Marangon, Sara Zanella, Andrea Curioni (Department of Agronomy, Food, Natural Resources, Animals and Environment (DAFNAE), University of Padova; Interdepartmental Centre for Research in Viticulture and Enology (CIRVE), University of Padova)<\/p>\n","protected":false},"excerpt":{"rendered":"<p>Best Oral Presentation First large-scale study of thiol precursor distribution in red grape berry compartments and implications for thiol-type red wine production by Andrea Cesson, Somaya Sachot, Marie-Agn\u00e8s Ducasse, Am\u00e9lie Roy, Juliette Simon, M\u00e9lanie Veyret, Isabelle Sanchez, Jean-Roch Mouret, C\u00e9line Poncet-Legrand, Aur\u00e9lie Roland (SPO, Univ Montpellier, INRAE, Institut Agro, Montpellier, France, Institut Fran\u00e7ais de la Vigne et du Vin, Domaine de Pech Rouge, Gruissan, France, Pech Rouge Experimental Unit, INRAE, Gruissan, France, MISTEA, INRAE, Institut Agro, 34060 Montpellier, France) Best Flash Talks New insights of translocation of smoke-related volatile phenols in vivo grapevines by Ignacio Arias-Perez, Wen Yan, Andrew Misialek, [&hellip;]<\/p>\n","protected":false},"author":8,"featured_media":0,"parent":0,"menu_order":0,"comment_status":"closed","ping_status":"closed","template":"","meta":{"footnotes":""},"class_list":["post-654","page","type-page","status-publish","hentry"],"_links":{"self":[{"href":"https:\/\/macrowine2025.events.unibz.it\/index.php?rest_route=\/wp\/v2\/pages\/654","targetHints":{"allow":["GET"]}}],"collection":[{"href":"https:\/\/macrowine2025.events.unibz.it\/index.php?rest_route=\/wp\/v2\/pages"}],"about":[{"href":"https:\/\/macrowine2025.events.unibz.it\/index.php?rest_route=\/wp\/v2\/types\/page"}],"author":[{"embeddable":true,"href":"https:\/\/macrowine2025.events.unibz.it\/index.php?rest_route=\/wp\/v2\/users\/8"}],"replies":[{"embeddable":true,"href":"https:\/\/macrowine2025.events.unibz.it\/index.php?rest_route=%2Fwp%2Fv2%2Fcomments&post=654"}],"version-history":[{"count":8,"href":"https:\/\/macrowine2025.events.unibz.it\/index.php?rest_route=\/wp\/v2\/pages\/654\/revisions"}],"predecessor-version":[{"id":678,"href":"https:\/\/macrowine2025.events.unibz.it\/index.php?rest_route=\/wp\/v2\/pages\/654\/revisions\/678"}],"wp:attachment":[{"href":"https:\/\/macrowine2025.events.unibz.it\/index.php?rest_route=%2Fwp%2Fv2%2Fmedia&parent=654"}],"curies":[{"name":"wp","href":"https:\/\/api.w.org\/{rel}","templated":true}]}}